
1
Let s be 1969/44 - 1/(-4). Suppose -s*m - 216 = -47*m. What is the hundreds digit of m?
1
Suppose h = 3*c - 12, 3*c + 4 - 22 = -h. Let g be 1/h - 30/9. What is the units digit of 0 - (-5 - g/1)?
2
Let w(z) = 457*z - 10. What is the tens digit of w(1)?
4
Let u(o) = -o + 11. Let k be u(9). Suppose -3*h + 8*h + 29 = k*l, h + 15 = 5*l. Suppose n - 32 = 3*t + 2*t, n - 44 = l*t. What is the tens digit of n?
5
Suppose 0 = 5*t - 8*t - 3. Let g be (10/1)/(0 - t). What is the units digit of 7/35 - (-398)/g?
0
Let n(i) = i + 1. Let m be n(3). Let z(b) = 8*b**3 - m*b - 7*b**3 - 6*b**2 + b. What is the tens digit of z(7)?
2
Suppose -6*o = -8*o + 1240. Suppose 17*k = 22*k - o. What is the units digit of k?
4
Suppose -48*k = -100152 - 75432. What is the tens digit of k?
5
Suppose 0*q - q = 0. Suppose -2*j - 152 = -2*s, q = -2*s - 4*j + 100 + 52. What is the units digit of s?
6
Let j = -3 + 7. Suppose -4*z - 3*c - 9 = 0, z + j*c = 5*c + 3. What is the units digit of (-15 - z)*12/(-10)?
8
Let d(u) = 1. Let h(j) = 3*j - 1 + 8*j - 7. Let c(s) = -3*d(s) - h(s). What is the tens digit of c(-3)?
3
Suppose -3*h = 2*u - 1805, -2*h - 6835 = -5*u - 2332. What is the tens digit of u?
0
Suppose -2*w = -4*c + 3*w - 352, -457 = 5*c - 2*w. Let y = -31 - c. What is the tens digit of y?
6
Suppose 0 = 26*z - 22*z + 16. Let n(l) = 3*l**2 + 3*l + 12. What is the tens digit of n(z)?
4
Suppose 2*m + 12 = -t + 3*t, m = 3*t - 10. Suppose -t + 15 = f + 4*v, v - 2 = 0. What is the units digit of f?
5
Let d(a) = a**3 + 9*a**2 + 9. Let f(w) = -2*w + 3. Suppose 0 = -2*q + 4 + 8. Let b be f(q). What is the units digit of d(b)?
9
Let z(o) = -6*o - 50. Let c be z(-9). Suppose -5*s = -3*y - 760, s - 467 = -2*s + c*y. What is the hundreds digit of s?
1
Suppose 570 = 4*w - 126. Suppose 4*n - w = -j - 32, 3*j = 5*n - 186. Suppose 3*z = -3*r - n + 171, -54 = -r + 2*z. What is the units digit of r?
8
What is the tens digit of 380 - ((-12)/15)/(4/(-20))?
7
Let q be 3/(-12) - (-4098)/(-24). Let x = q + 247. What is the tens digit of x?
7
Let j(h) = 9 - 7*h - 2*h + 0 + 2*h. Let g = 52 - 55. What is the units digit of j(g)?
0
Let d(l) = 17*l - 9. Let v = 12 + -7. Let p be d(v). Let a = -41 + p. What is the tens digit of a?
3
Let i(r) = 2*r - 59. Let y(d) = d - 30. Let a(b) = -6*i(b) + 11*y(b). What is the tens digit of a(13)?
1
Suppose -2*h - 17 = -3*v - 6*h, v - 13 = -5*h. What is the units digit of (v/(-6))/(1/(-24))?
2
Let o = -41 - -30. Let m(z) = z**2 + 10*z - 5. Let t be m(o). Let p(w) = 10*w + 7. What is the units digit of p(t)?
7
Let s = 10 - 19. Let f(w) = -w - w**3 + 12*w**2 - 2*w + 9 - 21*w**2 + 0. What is the units digit of f(s)?
6
Let j = 882 - 482. What is the hundreds digit of j?
4
Let l = 1117 + -1987. What is the tens digit of l/5*((-16)/(-6))/(-4)?
1
Let p(u) = -2*u - 2*u + 9 - 14 - 4*u**2. Let x(w) = -w**2 - w - 1. Let y(g) = 2*p(g) - 11*x(g). What is the units digit of y(-2)?
7
Let m = -25 - -30. Suppose r + 290 = 2*r - m*d, -3*r + 822 = -3*d. Suppose -4*s - 2*s = -r. What is the units digit of s?
5
Suppose 2*u - s + 15 = -0*u, -28 = 3*u + 4*s. What is the tens digit of (6/u)/((-6)/552)?
6
Let o(h) = 11*h + 5. Let q be o(-12). Let r = q - -76. Let n = -28 - r. What is the units digit of n?
3
Suppose -2*u - 33 = -23. Let j(b) = 6*b**2 + 9*b + 14. What is the hundreds digit of j(u)?
1
Suppose -19*b - 8704 = -28388. What is the units digit of b?
6
Let g be (-50)/(-75)*(-138)/(-4). Let n = g + -7. What is the tens digit of n?
1
Let x(k) = -k - 7. Let q be x(-9). Suppose o = j, 6 = -0*o + q*o + j. Suppose -4*i + 6 = -f, i - 14 = -4*f - o*i. What is the units digit of f?
2
Let m(p) = -2*p + 1. Let a be m(-3). Suppose -45 = -2*t + a*t. What is the tens digit of 84/t*(-9)/6?
1
Let r be (-2)/(-4) - (-24)/(-16) - -5. Suppose 0 = -4*u - 0*u - 16, -3*v + r*u = -496. What is the units digit of v?
0
Let q(n) = -n**2 + 37*n - 64. Suppose -14*b + 11*b + 87 = 0. What is the units digit of q(b)?
8
Suppose 6*r = 1292 + 718. What is the tens digit of r?
3
Let u(k) = -9*k + 8. Let n = -7 + 20. Let a = n - 17. What is the tens digit of u(a)?
4
Suppose -3401 = -0*i - 3*i + 2*h, -3*h = 4*i - 4546. What is the tens digit of i?
3
Suppose -2*d + 2268 = -0*v + 2*v, 4*d = 3*v - 3374. What is the tens digit of v?
3
Suppose 3*t - y = -0 - 5, 2*t = 4*y - 20. Suppose w - z = -0*w + 12, 4*z + 16 = t. What is the units digit of w?
8
Let r(k) = k**2 + 12*k - 133. What is the units digit of r(-20)?
7
Suppose -y + 151 = 3*v - 55, 0 = v + 2*y - 62. What is the tens digit of -1 + 3 + v + -9?
6
Suppose 0 = -2*l + 4 + 2. Suppose -l*s - 44 = -5*s. Suppose 0 = 4*m - s - 38. What is the tens digit of m?
1
Let p be (-1305)/(-25) + (-2)/10. Let i(h) = -5 + 2*h + 65*h**2 + 36 + h**3 - p*h**2. What is the units digit of i(-13)?
5
Let v = -799 + 919. What is the units digit of v?
0
Suppose 0 = j, -5*z - 4*j = -z. Suppose -5*t + 5 = 0, z*t = d + 4*t - 129. What is the hundreds digit of d?
1
Let h(w) = w**3 - 8*w**2 - 19*w - 2. Let f be h(10). Suppose -4*v - 308 = -f*v. What is the units digit of v?
7
Suppose -16 = z - 19. Suppose 5*c - z*i - 579 = -6*i, 3*c - 351 = -3*i. What is the tens digit of c?
1
Let n(t) = -5*t**3 - 8 + 4*t**3 + 13*t - t - 12*t**2. Let k be n(-13). Suppose -4*g + 92 = 2*y, -g + 2*g - 23 = k*y. What is the units digit of g?
3
Let p(l) = l**2 + 11*l - 26. Let h = -55 - -39. What is the units digit of p(h)?
4
Suppose 0 = 3*a - 38 - 22. Let k be 5/(a/(-42))*-10. Suppose -30 = 5*z - k. What is the tens digit of z?
1
Suppose 7*v + 4*i + 12 = 4*v, -3*i = 0. Let u = v - -228. What is the hundreds digit of u?
2
Let y = 5 - 2. Suppose y*j + 0 - 6 = -4*q, 2 = j - 2*q. Suppose j*x - 36 = 38. What is the units digit of x?
7
Let o(u) = u**3 + 3*u**2 - 6*u - 5. Let g be o(-4). Suppose g*m + 114 = 9*m. What is the units digit of m?
9
What is the units digit of 90/315 - 57634/(-14)?
7
Suppose 3505 = 9*h - 21920. What is the thousands digit of h?
2
What is the thousands digit of 200/3*-6*(-36)/8?
1
Let s(y) = -y + 35. Let x be s(23). What is the units digit of (-138*x/54)/(2/(-6))?
2
Let s be (-22)/6*(16/(-4) - -25). Let l = 43 - s. What is the hundreds digit of l?
1
Suppose 385 = 2*o - 9. Let y = o - 103. What is the units digit of y?
4
Let j(p) = p**2. Let c(h) = 3*h**2 - h - 4. Let w(u) = c(u) + 4*j(u). What is the units digit of w(4)?
4
Let p = 5 - -3. Let x = 39 - 39. Suppose -3*k = -p*k + 4*l + 20, x = 5*k - 5*l - 15. What is the units digit of k?
8
Let j(d) = d + 18. Suppose 0 = -0*z + 3*z + 39. Let b be j(z). Suppose 0 = -u - b*r + 21, -3*r - 2*r = 3*u - 43. What is the tens digit of u?
1
Let b(n) = 4*n**2 + n + 1. Let f be b(-1). Suppose 0 = 3*i - 5*v + 5 - 3, 0 = -f*i + 4*v. What is the units digit of i?
1
What is the tens digit of (-1)/(-2)*(6*62 + 2)?
8
Suppose -4*q = -20, -5*v + 3*q + 2*q = -395. Suppose v - 237 = -3*p. What is the tens digit of p?
5
Suppose v - 946 = -4*r, 0 = -16*v + 11*v + 4*r + 4850. What is the tens digit of v?
6
Suppose -2*m - 110 = -7*m. Suppose -k - 5 = -5*i - 55, 0 = k + 2*i - m. What is the tens digit of ((-10)/4)/((-3)/k)?
2
Suppose -55*t - 1655 = -56*t. What is the thousands digit of t?
1
Suppose 9*q = 6*q + 12. Suppose -5*b + 410 = -3*h, 0*h - 164 = -2*b - q*h. What is the units digit of b?
2
Let d(v) be the second derivative of v**2 + v**3 - 1/12*v**4 + 0 - v. What is the units digit of d(5)?
7
Suppose 6*v = 11*v - 30. Suppose 4*n = v*n - 6, 102 = x + 2*n. What is the units digit of x?
6
Suppose 4*p - 4*j = -1960, -4*j + 7*j - 2456 = 5*p. Let q = 771 + p. What is the units digit of q?
8
Let p be 3396/30 + (-2)/10. Let o = -56 + p. What is the tens digit of o?
5
Suppose 0 = c - 696 - 1008. What is the hundreds digit of c?
7
Let m(o) = 56*o - 1. Let r be m(1). Let k = r + 25. Suppose -3*w + k = w. What is the tens digit of w?
2
Suppose -9960 = -3*l + 282. What is the units digit of l?
4
Let z(f) = -f**2 + 10*f + 1. Let a = -8 + 2. Let p be (-6)/(-4) + (-21)/a. What is the tens digit of z(p)?
2
Let i(z) = 26*z**3 + z. Let s be i(1). Let l(j) = 4*j + s*j**2 - j - 2 - 4*j + 2*j**2. What is the tens digit of l(-1)?
2
Suppose 4*f + 3*p = 7163, 5*f - p - 757 = 8192. What is the thousands digit of f?
1
Let t(w) = -12*w - 7. Let u(s) = 11*s + 6. Let n(o) = -4*t(o) - 5*u(o). Let b = 30